t is 1 - 2043411?
-2043410
In base 10, what is 2 + -206?
-204
In base 7, what is 5 + 166024?
166032
In base 16, what is -1 - -9b0e9?
9b0e8
In base 8, what is 111 + 11221?
11332
In base 11, what is -13 + -3283?
-3296
In base 7, what is 3664534 - -15?
3664552
In base 15, what is 2797 - 382?
2415
In base 15, what is -13 - -2d90?
2d7c
In base 15, what is 31 + 7cb?
80c
In base 10, what is -4 - 32735?
-32739
In base 7, what is -122 + 465?
343
In base 6, what is -2552 + -30?
-3022
In base 15, what is 9 - -198b?
1995
In base 9, what is -2 - -1268606?
1268604
In base 9, what is -72 - 3435?
-3517
In base 12, what is 6a1 - 13?
68a
In base 9, what is -1542 + 73?
-1458
In base 5, what is -22341 + -3202?
-31043
In base 8, what is 0 + 1622560?
1622560
In base 8, what is 1040422 - 3?
1040417
In base 8, what is 10175 - -2?
10177
In base 13, what is -c1739 + 5?
-c1734
In base 8, what is -73336 + 37?
-73277
In base 10, what is -1 + 457063?
457062
In base 8, what is 0 + 7767?
7767
In base 4, what is -11 - 1233312?
-1233323
In base 11, what is 7a + -73?
7
In base 3, what is 12210201 + -11100?
12122101
In base 8, what is -72177 - 11?
-72210
In base 7, what is 2 + -1535441?
-1535436
In base 5, what is -103 + 101421?
101313
In base 8, what is 4 + -274034?
-274030
In base 4, what is 23111310 + 0?
23111310
In base 9, what is -120765 - -57?
-120707
In base 5, what is 2140 + 130040?
132230
In base 6, what is -34 + 4511454?
4511420
In base 7, what is -25 - 1520?
-1545
In base 9, what is -3 - 107257?
-107261
In base 6, what is 154120 - -3?
154123
In base 5, what is 33302020 - -1?
33302021
In base 14, what is -c51ac - 4?
-c51b2
In base 9, what is 37027 + 10?
37037
In base 4, what is 1 + -101011330?
-101011323
In base 6, what is 223523 - -34?
224001
In base 2, what is 11011001010011 - 0?
11011001010011
In base 16, what is 6 - -1da29?
1da2f
In base 8, what is 11 + 115072?
115103
In base 2, what is 10 - 10100111101001101111?
-10100111101001101101
In base 3, what is -11 + -1221120100?
-1221120111
In base 13, what is -3411 - -48?
-3396
In base 16, what is 9 + -41da?
-41d1
In base 13, what is -ac5 + -42?
-b37
In base 3, what is 12 + 102111121?
102111210
In base 12, what is -7 + 717?
710
In base 10, what is 55562 - 4?
55558
In base 2, what is -1100001000 + 1011011?
-1010101101
In base 11, what is 7908 + -1?
7907
In base 12, what is 71 - 128?
-77
In base 7, what is 23 + -446?
-423
In base 12, what is 7 + 2104?
210b
In base 12, what is -3937 - -8?
-392b
In base 6, what is -5 + -1051010?
-1051015
In base 8, what is 252 + 670?
1142
In base 6, what is 1230452 - -2?
1230454
In base 12, what is -60 + -7a2?
-842
In base 12, what is 597b89 + 2?
597b8b
In base 10, what is 4 + 191909?
191913
In base 7, what is 0 - 1210251?
-1210251
In base 5, what is -14 - 2044340?
-2044404
In base 10, what is 5 + 8296?
8301
In base 3, what is -201210 - 11122001?
-12100211
In base 9, what is -2 - -1340854?
1340852
In base 8, what is -64 - -6210?
6124
In base 13, what is 4c6 - -115?
60b
In base 11, what is 71018 - -21?
71039
In base 4, what is 1312 + -123130?
-121212
In base 4, what is -1 - 322120011?
-322120012
In base 14, what is -21a2 - c?
-21b0
In base 16, what is -5 + -9a71?
-9a76
In base 7, what is -15650 + 2?
-15645
In base 15, what is d + -967?
-959
In base 4, what is -20 + -102330?
-103010
In base 3, what is -10020000220 - 2?
-10020000222
In base 3, what is 22122 - 21110?
1012
In base 8, what is 2 - 74303?
-74301
In base 2, what is 0 - 100000001011110101?
-100000001011110101
In base 14, what is -4b - 4109?
-4156
In base 5, what is 114243 + 332?
120130
In base 14, what is 6b + -13cd?
-1362
In base 8, what is 362274 - -11?
362305
In base 13, what is 5 - -a47a?
a482
In base 11, what is 11 - 8499?
-8488
In base 9, what is -380533 + 4?
-380528
In base 10, what is -159145 - 1?
-159146
In base 2, what is 11001 - -110001010000?
110001101001
In base 14, what is 1c7b - 4?
1c77
In base 13, what is -25044a - 5?
-250452
In base 11, what is 110 - -137a?
148a
In base 9, what is 2374 + -11?
2363
In base 11, what is -95479 + -1?
-9547a
In base 4, what is -3 - 332031003?
-332031012
In base 13, what is -200 + 3?
-1ca
In base 9, what is 5 - -353178?
353184
In base 15, what is 351c - -28?
3545
In base 12, what is 641 - 382?
27b
In base 3, what is -12112 - -2212112?
2200000
In base 15, what is -1 - 13ebc?
-13ebd
In base 3, what is -10 + 112111012?
112111002
In base 14, what is 98b73 - 0?
98b73
In base 6, what is -2323 + 42?
-2241
In base 14, what is 2078 + a?
2084
In base 10, what is -2 + 40145?
40143
In base 5, what is 43302 - 1?
43301
In base 10, what is -8 + -104854?
-104862
In base 9, what is 185 - 1151?
-855
In base 3, what is 21021211022 - -100?
21021211122
In base 9, what is 8 + 147325?
147334
In base 15, what is -1a8 - 1e6?
-39e
In base 15, what is 4 + -a8ea?
-a8e6
In base 12, what is a8b7 - -7?
a902
In base 6, what is 3 + -52430?
-52423
In base 8, what is 12732 - 26?
12704
In base 3, what is 200020201020 - 10?
200020201010
In base 6, what is -1 + 323535?
323534
In base 8, what is 325 + -1020?
-473
In base 14, what is -4 - 2853a?
-28540
In base 6, what is -1003012 + 0?
-1003012
In base 7, what is -3530 - 45?
-3605
In base 3, what is -20 - 11211221?
-11212011
In base 13, what is 1385 - 2?
1383
In base 3, what is 1 - 222001?
-222000
In base 8, what is 136 + 1006?
1144
In base 13, what is -6441 + -2?
-6443
In base 4, what is -20023 - -100?
-13323
In base 11, what is -3385 - -4?
-3381
In base 16, what is aa18 - -4?
aa1c
In base 3, what is 10001022222202 + -2?
10001022222200
In base 9, what is -77 - -1672?
1584
In base 3, what is 2112 + 1100210?
1110022
In base 4, what is -200012 - 20?
-200032
In base 4, what is 12102331 + 102?
12103033
In base 16, what is -5 + -861?
-866
In base 8, what is -15 + 11177?
11162
In base 6, what is -31524 - 40?
-32004
In base 14, what is -6 - -c00?
bd8
In base 10, what is 59643 - 2?
59641
In base 4, what is 32333233 + 10?
32333303
In base 4, what is -23 - 101303211?
-101303300
In base 8, what is -502 + 406?
-74
In base 7, what is 2632444 + -2?
2632442
In base 9, what is -2875 - -1165?
-1710
In base 3, what is 11011001 + -11022?
10222202
In base 8, what is -2 - -51524?
51522
In base 4, what is -213 + 101312?
101033
In base 7, what is 105123 + -50?
105043
In base 6, what is -2 - 121235?
-121241
In base 7, what is 2200 + -14?
2153
In base 10, what is 47 - -5830?
5877
In base 14, what is -4 - -7653?
764d
In base 13, what is -4 - 197b?
-1982
In base 14, what is -1067a + 10?
-1066a
In base 10, what is -9309 - 28?
-9337
In base 3, what is -12112200200 - 120?
-12112201020
In base 6, what is -1553033 + -12?
-1553045
In base 16, what is -2 + 7246?
7244
In base 2, what is -1100 + 1111010101110110?
1111010101101010
In base 3, what is 10 - 112100000112?
-112100000102
In base 5, what is -2202 + 31?
-2121
In base 3, what is 112001 + -1201022?
-1012021
In base 3, what is -122220211021 + -10?
-122220211101
In base 5, what is -141330 + -2323?
-144203
In base 6, what is 1155 + 530?
2125
In base 8, what is -1 + -3152475?
-3152476
In base 5, what is -1214230 - -41?
-1214134
In base 4, what is 3331 + 1223?
11220
In base 9, what is 0 + -6062?
-6062
In base 7, what is 1 - -31213?
31214
In base 9, what is -30111 - 21?
-30132
In base 9, what is 347 - -154?
512
In base 6, what is -10011420 - 1?
-10011421
In base 11, what is 1611553 - 4?
161154a
In base 12, what is 1b1 - 269?
-78
In base 5, what is 20013404 - -2?
20013411
In base 10, what is -1282 + -553?
-1835
In base 10, what is 874 + -1168?
-294
In base 14, what is -2c - 2151?
-217d
In base 5, what is 2301241 - 0?
2301241
In base 11, what is -134 + 444?
310
In base 12, what is -8792 - -4?
-878a
In base 10, what is -99 - -158?
59
In base 3, what is -12 + 1000111001002?
1000111000220
In base 8, what is 65436 - 2?
65434
In base 16, what is 3 - -32f6?
32f9
In base 13, what is 11308 + 3?
1130b
In base 11, what is 6 + -1284?
-1279
In base 3, what is 10011 - 122?
2112
In base 4, what is -2121130 + -330?
-2122120
In base 14, what is 333 + -38?
2d9
In base 12, what is 8 - 12310?
-12304
In base 13, what is 439356 - 4?
439352
In base 3, what is -1201002 + -10011?
-1211020
In base 12, what is 13 - -26b52?
26b65
In base 10, what is -42327 + -3?
-42330
In base 15, what is 